{"id":472,"date":"2022-02-14T20:59:46","date_gmt":"2022-02-14T19:59:46","guid":{"rendered":"https:\/\/nieplodnosc.com.pl\/?page_id=472"},"modified":"2022-02-25T19:56:48","modified_gmt":"2022-02-25T18:56:48","slug":"kontakt","status":"publish","type":"page","link":"https:\/\/nieplodnosc.com.pl\/index.php\/kontakt\/","title":{"rendered":"Kontakt"},"content":{"rendered":"<div class=\"\" style=\"\" >\n  \n    \n    <section class=\"u-clearfix u-palette-2-light-1 u-section-2\" id=\"carousel_4edf\">\n      <div class=\"u-clearfix u-sheet u-sheet-1\">\n        <div class=\"u-container-style u-expanded-width-md u-expanded-width-sm u-expanded-width-xs u-group u-palette-1-light-2 u-group-1\">\n          <div class=\"u-container-layout u-container-layout-1\">\n            <div class=\"u-list u-list-1\">\n              <div class=\"u-repeater u-repeater-1\">\n                <div class=\"u-align-center u-container-style u-list-item u-repeater-item u-white u-list-item-1\">\n                  <div class=\"u-container-layout u-similar-container u-valign-top u-container-layout-2\"><span class=\"u-icon u-icon-circle u-icon-1\"><svg class=\"u-svg-link\" preserveAspectRatio=\"xMidYMin slice\" viewBox=\"0 0 513.64 513.64\" style=\"\"><use xlink:href=\"#svg-9786\"><\/use><\/svg><svg class=\"u-svg-content\" viewBox=\"0 0 513.64 513.64\" x=\"0px\" y=\"0px\" id=\"svg-9786\" style=\"enable-background:new 0 0 513.64 513.64;\"><g><g><path d=\"M499.66,376.96l-71.68-71.68c-25.6-25.6-69.12-15.359-79.36,17.92c-7.68,23.041-33.28,35.841-56.32,30.72    c-51.2-12.8-120.32-79.36-133.12-133.12c-7.68-23.041,7.68-48.641,30.72-56.32c33.28-10.24,43.52-53.76,17.92-79.36l-71.68-71.68    c-20.48-17.92-51.2-17.92-69.12,0l-48.64,48.64c-48.64,51.2,5.12,186.88,125.44,307.2c120.32,120.32,256,176.641,307.2,125.44    l48.64-48.64C517.581,425.6,517.581,394.88,499.66,376.96z\"><\/path>\n<\/g>\n<\/g><\/svg><\/span>\n                    <h5 class=\"u-text u-text-1\">telefon<\/h5>\n                    <p class=\"u-text u-text-2\">\n                      <a class=\"u-btn u-button-link u-button-style u-text-palette-1-base u-btn-1\" href=\"tel:510052049\">510 052 049<\/a>\n                    <\/p>\n                  <\/div>\n                <\/div>\n                <div class=\"u-align-center u-container-style u-list-item u-repeater-item u-white u-list-item-2\">\n                  <div class=\"u-container-layout u-similar-container u-valign-top u-container-layout-3\"><span class=\"u-icon u-icon-circle u-icon-2\"><svg class=\"u-svg-link\" preserveAspectRatio=\"xMidYMin slice\" viewBox=\"0 0 512 512\" style=\"\"><use xlink:href=\"#svg-9f82\"><\/use><\/svg><svg class=\"u-svg-content\" viewBox=\"0 0 512 512\" x=\"0px\" y=\"0px\" id=\"svg-9f82\" style=\"enable-background:new 0 0 512 512;\"><g><g><path d=\"M507.49,101.721L352.211,256L507.49,410.279c2.807-5.867,4.51-12.353,4.51-19.279V121    C512,114.073,510.297,107.588,507.49,101.721z\"><\/path>\n<\/g>\n<\/g><g><g><path d=\"M467,76H45c-6.927,0-13.412,1.703-19.279,4.51l198.463,197.463c17.548,17.548,46.084,17.548,63.632,0L486.279,80.51    C480.412,77.703,473.927,76,467,76z\"><\/path>\n<\/g>\n<\/g><g><g><path d=\"M4.51,101.721C1.703,107.588,0,114.073,0,121v270c0,6.927,1.703,13.413,4.51,19.279L159.789,256L4.51,101.721z\"><\/path>\n<\/g>\n<\/g><g><g><path d=\"M331,277.211l-21.973,21.973c-29.239,29.239-76.816,29.239-106.055,0L181,277.211L25.721,431.49    C31.588,434.297,38.073,436,45,436h422c6.927,0,13.412-1.703,19.279-4.51L331,277.211z\"><\/path>\n<\/g>\n<\/g><\/svg><\/span>\n                    <h5 class=\"u-text u-text-3\">Email<\/h5>\n                    <p class=\"u-text u-text-4\">\n                      <a href=\"mailto:katarzynastanik45@gmail.com?subject=Wiadomo\u015b\u0107 ze strony Nieplodnosc.com.pl\" class=\"u-active-none u-border-1 u-border-palette-2-base u-btn u-button-link u-button-style u-hover-none u-none u-text-palette-2-base u-btn-2\">katarzynastanik45@gmail.com<br>\n                      <\/a>\n                    <\/p>\n                  <\/div>\n                <\/div>\n              <\/div>\n            <\/div>\n            <h1 class=\"u-align-center u-text u-text-5\">Napisz do mnie<\/h1>\n            <div class=\"u-align-left u-expanded-width-xs u-form u-form-1\">\n              <form action=\"https:\/\/nieplodnosc.com.pl\/wp-content\/plugins\/nicepage\/templates\/form.php?id=472&formId=carousel_4edf\" method=\"POST\" class=\"u-clearfix u-form-spacing-28 u-form-vertical u-inner-form\" style=\"padding: 10px\" source=\"customphp\" name=\"form\">\n                <div class=\"u-form-group u-form-name u-form-group-1\">\n                  <label for=\"name-5a14\" class=\"u-form-control-hidden u-label u-text-body-color\" wfd-invisible=\"true\">Name<\/label>\n                  <input type=\"text\" placeholder=\"Imi\u0119\" id=\"name-5a14\" name=\"name\" class=\"u-input u-input-rectangle u-white\" required=\"\">\n                <\/div>\n                <div class=\"u-form-email u-form-group u-form-group-2\">\n                  <label for=\"email-5a14\" class=\"u-form-control-hidden u-label u-text-body-color\" wfd-invisible=\"true\">Email<\/label>\n                  <input type=\"email\" placeholder=\"Email\" id=\"email-5a14\" name=\"email\" class=\"u-input u-input-rectangle u-white\" required=\"\">\n                <\/div>\n                <div class=\"u-form-group u-form-message u-form-group-3\">\n                  <label for=\"message-5a14\" class=\"u-form-control-hidden u-label u-text-body-color\" wfd-invisible=\"true\">Message<\/label>\n                  <textarea placeholder=\"Wiadomo\u015b\u0107\" rows=\"4\" cols=\"50\" id=\"message-5a14\" name=\"wiadomosc\" class=\"u-input u-input-rectangle u-white\" required=\"\"><\/textarea>\n                <\/div>\n                <div class=\"u-form-checkbox u-form-group u-form-group-4\">\n                  <input type=\"checkbox\" id=\"checkbox-2b4f\" name=\"checkbox\" value=\"On\" required=\"required\">\n                  <label for=\"checkbox-2b4f\" class=\"u-label u-text-body-color\">Akceptuj\u0119&nbsp;<a href=\"https:\/\/nieplodnosc.com.pl\/index.php\/polityka-prywatnosci\/\" class=\"u-active-none u-border-none u-btn u-button-style u-hover-none u-none u-text-palette-1-base u-btn-3\" target=\"_blank\">Polityk\u0119 Prywatno\u015bci<\/a>\n                  <\/label>\n                <\/div>\n                <div class=\"u-align-center u-form-group u-form-submit u-form-group-5\">\n                  <a href=\"#\" class=\"u-active-white u-border-2 u-border-white u-btn u-btn-submit u-button-style u-custom-font u-font-lato u-hover-white u-none u-text-hover-palette-2-base u-text-palette-2-base u-btn-4\">Wy\u015blij<\/a>\n                  <input type=\"submit\" value=\"submit\" class=\"u-form-control-hidden\" wfd-invisible=\"true\">\n                <\/div>\n                <div class=\"u-form-send-message u-form-send-success\" wfd-invisible=\"true\">Dzi\u0119kuj\u0119. Twoja wiadomo\u015b\u0107 zosta\u0142a wys\u0142ana.<\/div>\n                <div class=\"u-form-send-error u-form-send-message\" wfd-invisible=\"true\">Nie mo\u017cna wys\u0142a\u0107 wiadomo\u015bci. Sprawd\u017a czy wszystkie pola s\u0105 uzupe\u0142nione.<\/div>\n                <input type=\"hidden\" value=\"\" name=\"recaptchaResponse\" wfd-invisible=\"true\">\n              <\/form>\n            <\/div>\n          <\/div>\n        <\/div>\n      <\/div>\n    <\/section>\n    \n    \n    \n  \n<\/div>","protected":false},"excerpt":{"rendered":"<p>telefon 510 052 049 Email katarzynastanik45@gmail.com Napisz do mnie Name Email Message Akceptuj\u0119&nbsp;Polityk\u0119 Prywatno\u015bci Wy\u015blij Dzi\u0119kuj\u0119. Twoja wiadomo\u015b\u0107 zosta\u0142a wys\u0142ana. Nie mo\u017cna wys\u0142a\u0107 wiadomo\u015bci. Sprawd\u017a czy wszystkie pola s\u0105 uzupe\u0142nione.<\/p>\n","protected":false},"author":1,"featured_media":0,"parent":0,"menu_order":0,"comment_status":"closed","ping_status":"closed","template":"","meta":{"footnotes":""},"class_list":["post-472","page","type-page","status-publish","hentry"],"yoast_head":"<!-- This site is optimized with the Yoast SEO plugin v26.8 - https:\/\/yoast.com\/product\/yoast-seo-wordpress\/ -->\n<title>Kontakt - Dar \u017bycia - Poradnia Wspierania P\u0142odno\u015bci i Zdrowia Kobiety<\/title>\n<meta name=\"robots\" content=\"index, follow, max-snippet:-1, max-image-preview:large, max-video-preview:-1\" \/>\n<link rel=\"canonical\" href=\"https:\/\/nieplodnosc.com.pl\/index.php\/kontakt\/\" \/>\n<meta property=\"og:locale\" content=\"pl_PL\" \/>\n<meta property=\"og:type\" content=\"article\" \/>\n<meta property=\"og:title\" content=\"Kontakt - Dar \u017bycia - Poradnia Wspierania P\u0142odno\u015bci i Zdrowia Kobiety\" \/>\n<meta property=\"og:description\" content=\"telefon 510 052 049 Email katarzynastanik45@gmail.com Napisz do mnie Name Email Message Akceptuj\u0119&nbsp;Polityk\u0119 Prywatno\u015bci Wy\u015blij Dzi\u0119kuj\u0119. Twoja wiadomo\u015b\u0107 zosta\u0142a wys\u0142ana. Nie mo\u017cna wys\u0142a\u0107 wiadomo\u015bci. Sprawd\u017a czy wszystkie pola s\u0105 uzupe\u0142nione.\" \/>\n<meta property=\"og:url\" content=\"https:\/\/nieplodnosc.com.pl\/index.php\/kontakt\/\" \/>\n<meta property=\"og:site_name\" content=\"Dar \u017bycia - Poradnia Wspierania P\u0142odno\u015bci i Zdrowia Kobiety\" \/>\n<meta property=\"article:modified_time\" content=\"2022-02-25T18:56:48+00:00\" \/>\n<meta name=\"twitter:card\" content=\"summary_large_image\" \/>\n<script type=\"application\/ld+json\" class=\"yoast-schema-graph\">{\"@context\":\"https:\/\/schema.org\",\"@graph\":[{\"@type\":\"WebPage\",\"@id\":\"https:\/\/nieplodnosc.com.pl\/index.php\/kontakt\/\",\"url\":\"https:\/\/nieplodnosc.com.pl\/index.php\/kontakt\/\",\"name\":\"Kontakt - Dar \u017bycia - Poradnia Wspierania P\u0142odno\u015bci i Zdrowia Kobiety\",\"isPartOf\":{\"@id\":\"https:\/\/nieplodnosc.com.pl\/#website\"},\"datePublished\":\"2022-02-14T19:59:46+00:00\",\"dateModified\":\"2022-02-25T18:56:48+00:00\",\"breadcrumb\":{\"@id\":\"https:\/\/nieplodnosc.com.pl\/index.php\/kontakt\/#breadcrumb\"},\"inLanguage\":\"pl-PL\",\"potentialAction\":[{\"@type\":\"ReadAction\",\"target\":[\"https:\/\/nieplodnosc.com.pl\/index.php\/kontakt\/\"]}]},{\"@type\":\"BreadcrumbList\",\"@id\":\"https:\/\/nieplodnosc.com.pl\/index.php\/kontakt\/#breadcrumb\",\"itemListElement\":[{\"@type\":\"ListItem\",\"position\":1,\"name\":\"Strona g\u0142\u00f3wna\",\"item\":\"https:\/\/nieplodnosc.com.pl\/\"},{\"@type\":\"ListItem\",\"position\":2,\"name\":\"Kontakt\"}]},{\"@type\":\"WebSite\",\"@id\":\"https:\/\/nieplodnosc.com.pl\/#website\",\"url\":\"https:\/\/nieplodnosc.com.pl\/\",\"name\":\"Dar \u017bycia - Poradnia Wspierania P\u0142odno\u015bci i Zdrowia Kobiety\",\"description\":\"Nieplodnosc.com.pl\",\"publisher\":{\"@id\":\"https:\/\/nieplodnosc.com.pl\/#organization\"},\"potentialAction\":[{\"@type\":\"SearchAction\",\"target\":{\"@type\":\"EntryPoint\",\"urlTemplate\":\"https:\/\/nieplodnosc.com.pl\/?s={search_term_string}\"},\"query-input\":{\"@type\":\"PropertyValueSpecification\",\"valueRequired\":true,\"valueName\":\"search_term_string\"}}],\"inLanguage\":\"pl-PL\"},{\"@type\":\"Organization\",\"@id\":\"https:\/\/nieplodnosc.com.pl\/#organization\",\"name\":\"Dar \u017bycia - Poradnia Wspierania P\u0142odno\u015bci i Zdrowia Kobiety\",\"url\":\"https:\/\/nieplodnosc.com.pl\/\",\"logo\":{\"@type\":\"ImageObject\",\"inLanguage\":\"pl-PL\",\"@id\":\"https:\/\/nieplodnosc.com.pl\/#\/schema\/logo\/image\/\",\"url\":\"https:\/\/nieplodnosc.com.pl\/wp-content\/uploads\/2022\/01\/logo_perm_sh-1.png\",\"contentUrl\":\"https:\/\/nieplodnosc.com.pl\/wp-content\/uploads\/2022\/01\/logo_perm_sh-1.png\",\"width\":240,\"height\":83,\"caption\":\"Dar \u017bycia - Poradnia Wspierania P\u0142odno\u015bci i Zdrowia Kobiety\"},\"image\":{\"@id\":\"https:\/\/nieplodnosc.com.pl\/#\/schema\/logo\/image\/\"}}]}<\/script>\n<!-- \/ Yoast SEO plugin. -->","yoast_head_json":{"title":"Kontakt - Dar \u017bycia - Poradnia Wspierania P\u0142odno\u015bci i Zdrowia Kobiety","robots":{"index":"index","follow":"follow","max-snippet":"max-snippet:-1","max-image-preview":"max-image-preview:large","max-video-preview":"max-video-preview:-1"},"canonical":"https:\/\/nieplodnosc.com.pl\/index.php\/kontakt\/","og_locale":"pl_PL","og_type":"article","og_title":"Kontakt - Dar \u017bycia - Poradnia Wspierania P\u0142odno\u015bci i Zdrowia Kobiety","og_description":"telefon 510 052 049 Email katarzynastanik45@gmail.com Napisz do mnie Name Email Message Akceptuj\u0119&nbsp;Polityk\u0119 Prywatno\u015bci Wy\u015blij Dzi\u0119kuj\u0119. Twoja wiadomo\u015b\u0107 zosta\u0142a wys\u0142ana. Nie mo\u017cna wys\u0142a\u0107 wiadomo\u015bci. Sprawd\u017a czy wszystkie pola s\u0105 uzupe\u0142nione.","og_url":"https:\/\/nieplodnosc.com.pl\/index.php\/kontakt\/","og_site_name":"Dar \u017bycia - Poradnia Wspierania P\u0142odno\u015bci i Zdrowia Kobiety","article_modified_time":"2022-02-25T18:56:48+00:00","twitter_card":"summary_large_image","schema":{"@context":"https:\/\/schema.org","@graph":[{"@type":"WebPage","@id":"https:\/\/nieplodnosc.com.pl\/index.php\/kontakt\/","url":"https:\/\/nieplodnosc.com.pl\/index.php\/kontakt\/","name":"Kontakt - Dar \u017bycia - Poradnia Wspierania P\u0142odno\u015bci i Zdrowia Kobiety","isPartOf":{"@id":"https:\/\/nieplodnosc.com.pl\/#website"},"datePublished":"2022-02-14T19:59:46+00:00","dateModified":"2022-02-25T18:56:48+00:00","breadcrumb":{"@id":"https:\/\/nieplodnosc.com.pl\/index.php\/kontakt\/#breadcrumb"},"inLanguage":"pl-PL","potentialAction":[{"@type":"ReadAction","target":["https:\/\/nieplodnosc.com.pl\/index.php\/kontakt\/"]}]},{"@type":"BreadcrumbList","@id":"https:\/\/nieplodnosc.com.pl\/index.php\/kontakt\/#breadcrumb","itemListElement":[{"@type":"ListItem","position":1,"name":"Strona g\u0142\u00f3wna","item":"https:\/\/nieplodnosc.com.pl\/"},{"@type":"ListItem","position":2,"name":"Kontakt"}]},{"@type":"WebSite","@id":"https:\/\/nieplodnosc.com.pl\/#website","url":"https:\/\/nieplodnosc.com.pl\/","name":"Dar \u017bycia - Poradnia Wspierania P\u0142odno\u015bci i Zdrowia Kobiety","description":"Nieplodnosc.com.pl","publisher":{"@id":"https:\/\/nieplodnosc.com.pl\/#organization"},"potentialAction":[{"@type":"SearchAction","target":{"@type":"EntryPoint","urlTemplate":"https:\/\/nieplodnosc.com.pl\/?s={search_term_string}"},"query-input":{"@type":"PropertyValueSpecification","valueRequired":true,"valueName":"search_term_string"}}],"inLanguage":"pl-PL"},{"@type":"Organization","@id":"https:\/\/nieplodnosc.com.pl\/#organization","name":"Dar \u017bycia - Poradnia Wspierania P\u0142odno\u015bci i Zdrowia Kobiety","url":"https:\/\/nieplodnosc.com.pl\/","logo":{"@type":"ImageObject","inLanguage":"pl-PL","@id":"https:\/\/nieplodnosc.com.pl\/#\/schema\/logo\/image\/","url":"https:\/\/nieplodnosc.com.pl\/wp-content\/uploads\/2022\/01\/logo_perm_sh-1.png","contentUrl":"https:\/\/nieplodnosc.com.pl\/wp-content\/uploads\/2022\/01\/logo_perm_sh-1.png","width":240,"height":83,"caption":"Dar \u017bycia - Poradnia Wspierania P\u0142odno\u015bci i Zdrowia Kobiety"},"image":{"@id":"https:\/\/nieplodnosc.com.pl\/#\/schema\/logo\/image\/"}}]}},"_links":{"self":[{"href":"https:\/\/nieplodnosc.com.pl\/index.php\/wp-json\/wp\/v2\/pages\/472","targetHints":{"allow":["GET"]}}],"collection":[{"href":"https:\/\/nieplodnosc.com.pl\/index.php\/wp-json\/wp\/v2\/pages"}],"about":[{"href":"https:\/\/nieplodnosc.com.pl\/index.php\/wp-json\/wp\/v2\/types\/page"}],"author":[{"embeddable":true,"href":"https:\/\/nieplodnosc.com.pl\/index.php\/wp-json\/wp\/v2\/users\/1"}],"replies":[{"embeddable":true,"href":"https:\/\/nieplodnosc.com.pl\/index.php\/wp-json\/wp\/v2\/comments?post=472"}],"version-history":[{"count":7,"href":"https:\/\/nieplodnosc.com.pl\/index.php\/wp-json\/wp\/v2\/pages\/472\/revisions"}],"predecessor-version":[{"id":557,"href":"https:\/\/nieplodnosc.com.pl\/index.php\/wp-json\/wp\/v2\/pages\/472\/revisions\/557"}],"wp:attachment":[{"href":"https:\/\/nieplodnosc.com.pl\/index.php\/wp-json\/wp\/v2\/media?parent=472"}],"curies":[{"name":"wp","href":"https:\/\/api.w.org\/{rel}","templated":true}]}}